mine k(-23).
-57
Let n(v) = 3*v**3 - 95*v**2 + 59*v + 82. Calculate n(31).
-11
Let n(z) = 149*z - 1039. Calculate n(4).
-443
Let w(u) = -u**2 - 30*u + 11. Determine w(-21).
200
Let c(k) = 179*k - 2682. Determine c(15).
3
Let s(a) = 2*a**2 - 54*a - 177. Determine s(30).
3
Let m(h) = 16*h + 92. What is m(-9)?
-52
Let q(n) = n**3 - 34*n**2 - 236*n + 1619. What is q(39)?
20
Let z(i) = -116*i + 42. Give z(-2).
274
Let v(z) = -135*z - 3468. Give v(-26).
42
Let d(t) = t**2 + 767*t - 11729. Give d(15).
1
Let v(l) = 773*l - 6916. Give v(9).
41
Let x(d) = -96*d - 613. What is x(-4)?
-229
Let j(z) = -9*z + 1104. Calculate j(123).
-3
Let w(j) = -7*j**2 + 55*j - 40. Give w(8).
-48
Let p(w) = -w**2 + 25*w + 1027. What is p(43)?
253
Let i(t) = 11*t - 174. Give i(21).
57
Let j(l) = -l**3 + l**2 + 26*l + 11. Determine j(-4).
-13
Let b(i) = i**3 - 82*i**2 - 253*i - 121. Determine b(85).
49
Let y(c) = 3*c**3 + 55*c**2 - 230*c - 4457. Calculate y(-18).
7
Let y(f) = -54*f**3 - 14*f**2 + 3*f - 2. Calculate y(2).
-484
Let w(q) = 707*q - 4233. What is w(6)?
9
Let i(d) = -d**3 + d**2 + 15. Determine i(3).
-3
Let n(x) = 719*x + 8591. Determine n(-12).
-37
Let k(p) = -p**2 - 1536*p - 12244. What is k(-8)?
-20
Let a(q) = -89*q + 899. What is a(10)?
9
Let y(u) = -22*u**3 - 3*u**2 + 15*u + 30. What is y(-2)?
164
Let c(f) = -454*f**2 - 16800*f - 82. Determine c(-37).
-8
Let g(s) = 3*s**2 - 643*s + 5567. Give g(9).
23
Let m(p) = p**3 + 19*p**2 + 30*p - 56. Give m(-17).
12
Let i(b) = b**2 + 444*b + 8892. Calculate i(-21).
9
Let p(y) = -1231*y - 56628. What is p(-46)?
-2
Let d(k) = 1260*k + 6299. What is d(-5)?
-1
Let a(x) = 2*x**2 + 26*x - 9. Determine a(-6).
-93
Let b(x) = x**3 - 82*x**2 - 261*x - 25. Determine b(-3).
-7
Let h(t) = -2*t**2 + 131*t + 191. Calculate h(67).
-10
Let b(u) = 13*u**2 - 40*u + 173. Determine b(5).
298
Let c(l) = 997*l - 1004. Determine c(1).
-7
Let p(g) = -10*g**3 + 12*g**2 - 3*g. Calculate p(-1).
25
Let l(z) = -353*z - 2410. Calculate l(-7).
61
Let y(h) = -2*h**2 - 47*h - 94. What is y(-20)?
46
Let z(v) = -20*v**3 - 16*v**2 + 35*v + 2. Determine z(2).
-152
Let q(l) = 2*l**3 - 54*l**2 + 3*l - 169. Give q(27).
-88
Let j(z) = -z**3 - 4*z**2 + 11*z + 28. What is j(-7)?
98
Let a(q) = q**3 - 28*q**2 - 2*q - 22. Calculate a(28).
-78
Let z(w) = w**2 + 51*w + 582. What is z(-17)?
4
Let b(h) = 47*h - 282. Give b(6).
0
Let g(w) = 12*w**2 - 179*w - 1464. What is g(-6)?
42
Let w(c) = c**3 + 6*c**2 - 625*c + 211. What is w(22)?
13
Let z(w) = -w**3 + 112*w**2 + 352*w - 801. Give z(115).
4
Let n(r) = r**3 - 8*r**2 - 10*r - 22. What is n(9)?
-31
Let f(i) = -2*i + 56. Give f(-45).
146
Let l(t) = -t**3 + 53*t**2 - 7*t + 318. Calculate l(53).
-53
Let a(n) = 82*n - 5703. Give a(70).
37
Let p(m) = -122*m + 1163. Calculate p(10).
-57
Let f(u) = -u**3 + 2*u + 2. What is f(-2)?
6
Let o(t) = -1104*t + 7787. Determine o(7).
59
Let f(u) = 2*u**3 - 11*u**2 + 26*u - 21. Determine f(4).
35
Let y(x) = -x**2 - 38*x + 12172. Calculate y(-131).
-11
Let d(u) = 918*u + 48656. Calculate d(-53).
2
Let n(y) = -5*y**3 + 28*y**2 + 11*y - 98. Give n(6).
-104
Let i(g) = -2*g**2 - 65*g - 310. Give i(-5).
-35
Let l(b) = 3*b**3 + 101*b**2 + 545*b + 130. Give l(-27).
-5
Let d(q) = q**3 - 49*q**2 + 130*q + 377. What is d(46)?
9
Let t(h) = -51*h + 6221. What is t(122)?
-1
Let t(r) = r**3 - 19*r**2 - 8*r - 221. Determine t(20).
19
Let f(p) = -13*p**2 + 142*p + 165. Give f(12).
-3
Let p(k) = 8*k + 65. Give p(-8).
1
Let r(v) = -396*v**2 - 384*v. Determine r(-1).
-12
Let r(g) = -g**3 - 27*g**2 - 125*g - 329. Determine r(-22).
1
Let o(d) = -142*d**2 + 7*d. What is o(-1)?
-149
Let y(t) = -t**2 + 217*t - 5105. Calculate y(27).
25
Let b(j) = -66*j + 526. Give b(8).
-2
Let s(i) = -59*i + 1442. What is s(24)?
26
Let p(w) = w**3 + 15*w**2 + 29*w - 115. What is p(-13)?
-154
Let q(h) = h**3 - 17*h**2 - 109*h - 25. Give q(22).
-3
Let q(x) = x**2 - 23*x + 111. Determine q(15).
-9
Let c(i) = 465*i - 46975. Give c(101).
-10
Let w(i) = -i**2 - 3*i + 116. What is w(11)?
-38
Let a(r) = 5*r**2 - 379*r - 150. Give a(76).
-74
Let t(v) = v**3 - 13*v**2 + 43*v + 26. What is t(10)?
156
Let i(x) = -4*x**2 + 39*x + 150. Give i(-3).
-3
Let y(h) = 4*h**2 + 368*h + 3565. Calculate y(-81).
1
Let q(v) = v**3 + 181*v**2 - 77*v - 13938. Determine q(-181).
-1
Let g(d) = -6*d**3 + 6*d - 3. Calculate g(3).
-147
Let w(h) = -549*h**2 - 543*h. What is w(-1)?
-6
Let x(j) = -3*j**3 - 12*j**2 + 30*j + 92. What is x(-5)?
17
Let n(a) = -7*a**2 - 53*a - 123. What is n(-4)?
-23
Let b(f) = f**2 - 501*f + 1995. What is b(4)?
7
Let s(q) = -q**3 + 18*q**2 - 78*q - 2. Determine s(5).
-67
Let j(w) = -1144*w - 22875. What is j(-20)?
5
Let o(s) = -s**3 + 94*s**2 - 2214*s + 430. Give o(49).
-11
Let h(m) = -m**3 - 142*m**2 - 2740*m - 85. What is h(-23)?
-16
Let p(h) = -h**3 + 10*h**2 - 35*h + 112. Calculate p(7).
14
Let q(c) = -2*c**2 - 16*c + 2. Give q(-9).
-16
Let k(s) = -399*s**2 + 10774*s - 14. Give k(27).
13
Let z(l) = 2*l**3 - 96*l**2 - 92*l - 217. What is z(49)?
77
Let v(o) = 8*o**3 - 5*o**2 + 9*o - 16. Calculate v(3).
182
Let z(r) = -r**3 + 56*r**2 + 8*r - 473. Give z(56).
-25
Let l(d) = -2*d**3 + 63*d**2 - 32*d + 26. Give l(31).
-5
Let b(y) = 7*y**2 - 207*y + 1493. Determine b(12).
17
Let u(f) = -8070*f + 16149. What is u(2)?
9
Let s(u) = -3*u**2 - 19*u + 145. Determine s(-11).
-9
Let t(l) = -2*l**3 - 47*l**2 + 24*l. Determine t(-24).
0
Let f(k) = 54*k + 2604. What is f(-48)?
12
Let x(k) = 29*k**2 - 2535*k + 1049. Determine x(87).
5
Let z(v) = -14*v**2 + 49*v - 8. Determine z(4).
-36
Let t(p) = -18*p - 334. Determine t(-31).
224
Let z(h) = -2*h**2 + 23*h - 64. Calculate z(12).
-76
Let k(a) = a**2 - 59*a + 401. Give k(50).
-49
Let v(x) = 33*x**2 - 12*x - 21. What is v(-2)?
135
Let l(f) = 7*f**2 + 36*f + 143. Determine l(-5).
138
Let f(j) = -29*j**2 - 107*j + 33. Give f(-4).
-3
Let g(v) = -113*v - 5185. Determine g(-46).
13
Let f(h) = 175*h - 1219. Determine f(7).
6
Let v(y) = -y**2 + 165*y - 1807. Give v(12).
29
Let u(w) = -149*w - 305. Determine u(-2).
-7
Let n(i) = i**2 + 18*i + 26. Determine n(-17).
9
Let k(o) = -63*o + 14993. Give k(238).
-1
Let y(g) = 78*g - 248. What is y(4)?
64
Let a(l) = l**2 + 151*l + 5748. Determine a(-75).
48
Let y(n) = -89*n - 619. What is y(-7)?
4
Let a(b) = 10625*b - 74374. Determine a(7).
1
Let f(i) = i**3 + 29*i**2 + 193*i - 97. Give f(-18).
-7
Let m(t) = 2*t**2 - 63*t - 79. Give m(32).
-47
Let u(b) = 20*b**2 - 79*b - 107. What is u(5)?
-2
Let g(q) = -q**2 + 18*q + 1. What is g(3)?
46
Let m(i) = 32*i - 1407. Calculate m(43).
-31
Let y(g) = -2*g**3 - 14*g**2 - 19*g - 26. Give y(-7).
107
Let u(g) = 9*g**3 - 7*g**2 + 3*g + 3. What is u(1)?
8
Let i(k) = -75*k - 718. Give i(-11).
107
Let q(t) = 4*t**2 - 54*t + 51. Give q(12).
-21
Let i(h) = 129*h + 890. Calculate i(-7).
-13
Let p(y) = -y**3 + 4*y**2 - 47*y - 50. What is p(-1)?
2
Let h(c) = 6*c**2 + 266*c + 1182. Determine h(-5).
2
Let l(v) = -48*v - 1577. Calculate l(-33).
7
Let p(c) = 2*c**3 - 15*c**2 + 7*c - 6. Calculate p(8).
114
Let a(n) = -n**2 - 80*n + 722. What is a(-88)?
18
Let k(n) = -129*n**3 + 3*n**2 - 23*n + 21. Calculate k(1).
-128
Let a(x) = -22*x**2 + 77*x - 55. Calculate a(2).
11
Let i(t) = 16*t + 138. What is i(-6)?
42
Let g(i) = i**3 - 6*i**2 - 6*i - 3. Calculate g(6).
-39
Let i(q) = -q**3 + 9*q**2 + 25*q + 108. Calculate i(13).
-243
Let w(v) = -v**3 + 3*v**2 + 33*v + 19. Determine w(-4).
-1
Let p(r) = 11*r**2 - 14*r - 12. Determine p(5).
193
Let r(b) = -541*b - 586. Determine r(-2).
496
Let f(h) = 8*h**2 + 34*h - 800. Give f(8).
-16
Let z(l) = 2*l**3 - 27*l**2 - 175*l + 1522. What is z(16)?
2
Let i(m) = -m**3 + 37*m**2 - 72*m - 38. Calculate i(35).
-108
Let i(j) = -11*j**2 - 14*j + 8. Give i(6).
-472
Let x(t) = 2*t**2 - 12*t - 52. Determine x(9).
2
Let s(v) = v**2 + 119*v + 3547. Give s(-59).
7
Let f(m) = -364*m - 3951. Give f(-11).
53
Let z(v) = 12*v**2 + 46*v + 8. Give z(-4).
16
Let t(v) = -86*v - 164. What is t(-4)?
180
Let q(s) = 7*s**2 - 202*s - 466. Give q(31).
-1
Let x(n) = n**3 - 16*n**2 + 57*n - 8. Calculate x(11).
14
Let j(d) = -d**3 - 18*d**2 - 68*d + 26. What is j(-11)?
-73
Let y(g) = -9*g**2 + 118*g - 19. Give y(13).
-6
Let f(j) = -2513*j - 3. Determine f(0).
-3
Let b(a) = 3665*a + 7342. Calculate b(-2).
12
Let i(b) = 226*b**3 + 10*